2?
118
What is the highest common factor of 2302 and 22?
2
What is the highest common factor of 121 and 11?
11
What is the greatest common divisor of 58141 and 212?
53
What is the highest common factor of 190440 and 27?
9
What is the greatest common factor of 11196 and 243?
9
What is the highest common divisor of 6 and 1830768?
6
Calculate the greatest common divisor of 45 and 1239075.
45
Calculate the greatest common divisor of 14739 and 3.
3
What is the greatest common factor of 572940 and 15?
15
What is the greatest common factor of 1959660 and 216?
108
Calculate the greatest common factor of 300444 and 36.
12
Calculate the highest common factor of 315 and 410445.
315
Calculate the greatest common factor of 133450 and 7650.
850
What is the greatest common divisor of 158529 and 21?
21
Calculate the highest common factor of 60375 and 1932.
483
Calculate the highest common divisor of 1459524 and 165.
33
Calculate the greatest common divisor of 123814 and 186.
62
Calculate the highest common divisor of 17 and 16602931.
17
What is the greatest common divisor of 2728 and 9416?
88
What is the greatest common divisor of 126 and 57654?
18
Calculate the highest common factor of 2002 and 506.
22
What is the highest common divisor of 392 and 95746?
98
Calculate the highest common divisor of 10 and 318670.
10
What is the greatest common factor of 1324 and 409447?
331
Calculate the highest common factor of 3913 and 10621.
559
What is the highest common divisor of 217 and 477431?
31
What is the greatest common factor of 240216 and 18?
6
What is the greatest common divisor of 428 and 412?
4
What is the highest common factor of 8315 and 1839278?
1663
Calculate the highest common factor of 1 and 9533.
1
Calculate the highest common factor of 4488 and 171768.
408
What is the highest common divisor of 1276125 and 3735?
1245
Calculate the greatest common divisor of 637 and 6125.
49
What is the greatest common divisor of 6618 and 582?
6
Calculate the greatest common factor of 1179719 and 1362.
227
What is the highest common divisor of 3152 and 416?
16
Calculate the highest common divisor of 248741 and 753.
251
What is the greatest common factor of 776 and 969612?
388
What is the greatest common divisor of 1417 and 72319?
13
Calculate the highest common divisor of 496 and 46416.
16
What is the greatest common factor of 116 and 138649?
29
Calculate the highest common factor of 10397 and 1517.
37
What is the highest common divisor of 27604 and 16892?
412
What is the highest common divisor of 62757 and 5138?
367
What is the greatest common factor of 290033 and 1?
1
What is the greatest common divisor of 528 and 96888?
264
What is the highest common factor of 2120 and 320?
40
What is the greatest common divisor of 297009 and 2196?
549
What is the highest common factor of 347368 and 14?
14
Calculate the greatest common divisor of 2289796 and 4.
4
Calculate the highest common factor of 7175 and 3325.
175
What is the highest common divisor of 798 and 54852?
42
What is the greatest common factor of 8530950 and 100?
50
Calculate the greatest common divisor of 89058 and 18.
6
What is the greatest common divisor of 1254 and 23254?
22
Calculate the greatest common divisor of 5852 and 896.
28
Calculate the highest common factor of 2838 and 753962.
946
Calculate the greatest common divisor of 65725 and 25025.
275
Calculate the highest common factor of 2 and 389954.
2
What is the greatest common factor of 1818594 and 426?
426
Calculate the highest common divisor of 236 and 642451.
59
What is the greatest common factor of 54511 and 151?
151
Calculate the greatest common divisor of 97020 and 275.
55
Calculate the greatest common factor of 21449 and 89.
89
Calculate the greatest common divisor of 462 and 833217.
231
Calculate the highest common divisor of 431138 and 657.
73
Calculate the highest common factor of 13280 and 620.
20
Calculate the greatest common factor of 14697 and 13662.
207
Calculate the highest common factor of 133968 and 216.
24
What is the greatest common divisor of 1260597 and 39?
39
Calculate the highest common divisor of 912 and 3216.
48
Calculate the greatest common factor of 125 and 75550.
25
What is the greatest common factor of 200 and 1026525?
25
What is the highest common divisor of 18565 and 17380?
395
Calculate the highest common divisor of 21066 and 12.
6
What is the highest common divisor of 23268 and 2352?
84
What is the highest common factor of 832201 and 51?
17
Calculate the highest common divisor of 202 and 89587.
101
What is the greatest common factor of 6034 and 238?
14
Calculate the highest common factor of 5716136 and 4.
4
What is the highest common factor of 510 and 3824490?
510
Calculate the greatest common divisor of 207 and 575.
23
Calculate the greatest common divisor of 6816 and 416.
32
Calculate the greatest common factor of 52 and 63518.
26
Calculate the highest common factor of 227 and 224730.
227
Calculate the greatest common factor of 76 and 68818.
38
Calculate the highest common factor of 387 and 888595.
43
What is the highest common divisor of 5533 and 462?
11
Calculate the greatest common divisor of 10300 and 40.
20
What is the greatest common divisor of 3422 and 43645?
29
Calculate the highest common factor of 14988592 and 464.
464
What is the highest common factor of 222719 and 56?
7
What is the highest common divisor of 7594 and 14?
2
Calculate the greatest common divisor of 188616 and 522.
174
Calculate the greatest common factor of 56 and 25858.
14
Calculate the greatest common factor of 3459 and 986968.
1153
Calculate the highest common divisor of 12320 and 748160.
1120
Calculate the highest common factor of 182 and 1138774.
182
What is the greatest common factor of 1674639 and 9?
9
What is the greatest common divisor of 1025 and 2000?
25
Calculate the greatest common divisor of 182533 and 171.
19
What is the greatest common factor of 6254 and 901?
53
Calculate the greatest common factor of 57928 and 11697.
557
What is the highest common factor of 950886 and 4?
2
What is the highest common factor of 15965 and 2575?
515
What is the greatest common factor of 3612 and 2730?
42
Calculate the highest common factor of 669220 and 40.
20
Calculate the greatest common factor of 1452 and 11748.
132
Calculate the greatest common factor of 452 and 20905.
113
Calculate the highest common factor of 3230 and 153900.
190
Calculate the greatest common divisor of 699 and 147.
3
Calculate the highest common factor of 22985118 and 13.
13
What is the greatest common factor of 2 and 140297?
1
Calculate the highest common factor of 11663511 and 57.
57
What is the greatest common divisor of 6083 and 385?
77
Calculate the highest common factor of 333 and 113664.
111
What is the greatest common divisor of 79713 and 1071?
153
What is the highest common factor of 299 and 14881?
23
Calculate the highest common divisor of 134 and 329573.
67
Calculate the highest common divisor of 10773 and 4887.
27
What is the highest common divisor of 252 and 12159?
63
What is the greatest common factor of 2804592 and 68?
68
Calculate the greatest common factor of 136383 and 2028.
507
What is the greatest common factor of 211274 and 14?
14
Calculate the greatest common factor of 21496 and 56.
8
Calculate the highest common divisor of 130000 and 2704.
208
Calculate the greatest common divisor of 5658 and 175152.
246
Calculate the greatest common divisor of 774351 and 9.
9
Calculate the highest common factor of 141000 and 45.
15
Calculate the greatest common divisor of 59717 and 114.
19
What is the highest common factor of 420435 and 45?
45
Calculate the highest common divisor of 12875 and 309.
103
What is the greatest common factor of 28 and 214074?
14
Calculate the highest common divisor of 122 and 423340.
122
What is the highest common divisor of 664767 and 87?
87
What is the greatest common factor of 3363 and 489?
3
What is the greatest common divisor of 11153 and 75136?
587
What is the highest common factor of 3836 and 764460?
548
What is the highest common factor of 1826 and 57602?
166
What is the highest common divisor of 74477 and 9099?
337
What is the greatest common factor of 72 and 631386?
18
Calculate the greatest common factor of 1113 and 123172.
371
